ose 5*r - 8*r = 2*k - 2891, -4*k = -5*r + v. Is r a prime number?
True
Let r(j) be the third derivative of -j**6/3 - j**5/15 + j**4/6 + 5*j**3/3 + 20*j**2. Suppose 0 = m + 3*w + 15, 3*w - 6 + 3 = 5*m. Is r(m) prime?
False
Let g(o) = 687*o**2 + 13*o + 103. Is g(19) a composite number?
False
Let m = 47 - 37. Let h(l) = l**3 - 5*l**2 + 21*l**2 - 6*l + 4*l - m. Is h(-16) composite?
True
Let g(n) = n**3 + 8*n**2 + 10*n + 24. Let x be g(-7). Suppose -4*o - x*p = p - 9212, -2*o + 4606 = -3*p. Suppose -2*r = -o + 193. Is r a prime number?
False
Suppose 14 = -2*q - 12*q. Is (-3793)/((-5)/(-10)*2*q) a prime number?
True
Suppose -3*p = -4*d + 7, 0 = -3*p + d + 5. Suppose p*b - 36026 = b. Is b a composite number?
False
Let i(m) = 15*m**3 + m**2 - 4*m + 3. Let x be i(1). Suppose 13*p + 2198 = x*p. Is p a composite number?
True
Suppose 107*u = 117*u + 270. Is -1 + 124192/12*u/(-6) a prime number?
False
Is (-4)/10 + (35620032/70)/24 composite?
True
Let g(x) = x**3 + 8*x**2 + 6*x - 4. Let b be g(-7). Suppose -2*l + 12543 = 3*f, b*f + 3*l - 12552 = 4*l. Is f prime?
False
Let r be 2935/(-5) - 2*1. Let b(t) = 4*t**2 - 42*t + 24. Let j be b(8). Let d = j - r. Is d a composite number?
True
Let n be 2*(-5 + 0 + 4). Let o be (-2 - n) + 3 + -3 + 0. Suppose -w + 2*w = -3*p + 274, -3*p + 9 = o. Is w a composite number?
True
Let n = 372815 - 233547. Suppose 9*p - 5*p + j - n = 0, -5*j = -3*p + 104451. Is p prime?
False
Let g(f) be the second derivative of -19*f**3/6 + 3*f**2 + 10*f. Let a = 12 + -16. Is g(a) a prime number?
False
Suppose -4855*l = -4847*l - 829112. Is l a prime number?
False
Let x(l) = 422*l**3 + 20*l**2 - 69*l + 5. Is x(8) composite?
True
Let a(x) = -102*x**3 - 21*x**2 - 37*x - 67. Is a(-11) composite?
True
Is 6 + (-7*(-1061735)/119 - 2/1) prime?
True
Let x be (-56)/6*(-21)/14. Let u(h) = 11*h**2 + 36*h - 37. Is u(x) a prime number?
False
Let d(y) be the first derivative of -13*y**7/140 + y**6/180 + y**5/30 + y**4/12 - 5*y**3 - 39. Let f(j) be the third derivative of d(j). Is f(-2) composite?
True
Let x = 334 + -388. Is (-321304)/6*x/72 composite?
False
Suppose 3*l - 351 = 3*v, -2*v - v - 4*l = 316. Let c = -23 - v. Let i = c - -88. Is i a composite number?
True
Let z(l) = -2*l**2 - 52*l + 415. Let n be z(-33). Let o(m) = m**3 - 6*m**2 + 2*m - 4. Let p be o(4). Let r = p - n. Is r prime?
True
Suppose -2*m + 3*d + 10383 - 2553 = 0, -2*m = 4*d - 7816. Suppose 2*a - 8*a = -m. Suppose -148 = -j - 3*u + 198, 0 = -2*j + 2*u + a. Is j a prime number?
True
Suppose 0 = t - 3*r - 13, 2 = -r - 1. Suppose -5*l + 83 = -n - 145, -444 = 2*n - t*l. Is 10/2*n/(-10) a composite number?
False
Let b = 36 - 39. Let y be b/(-9) - (2 - (-52)/12). Let g(p) = 4*p**2 - 5*p - 13. Is g(y) a composite number?
True
Suppose 30 - 226 = -4*i. Let f = i - 26. Suppose 341 - f = 6*v. Is v a prime number?
True
Let q be (-10)/(-4) + (-6)/12. Suppose i + q = -0*i. Is 5/(i*5/(-530)) a composite number?
True
Let x(b) = 16*b**2 + 14*b + 55. Let q be x(-5). Let a = q - -72. Is a a composite number?
False
Let k be ((-111)/(-74))/(5/170). Suppose 4*r + 157 = 3*p, p = -5*r - p - 202. Let u = r + k. Is u a composite number?
False
Let n be 8/5*(3/(-6) - -3). Suppose 7*z + 2*h + 55 = 12*z, 20 = -n*h. Is (-149)/(((-27)/6)/z) a prime number?
False
Let h = -37 + 33. Let p(t) = t + 10. Let n be p(h). Is ((-628)/8)/(n/(-12)) a composite number?
False
Let b(l) = -4*l - 4. Let t be b(2). Is 22530/20*(t/(-9))/1 a composite number?
True
Let r(f) = f**3 - 9*f**2 - 8*f - 22. Let k be r(10). Let o be 2 + 5 + k + -1. Is 44625/100 + 0 + 3/o composite?
True
Suppose 0*p - 2110 = 2*p. Let m = -582 - p. Let u = 1786 - m. Is u prime?
False
Let b = -185 - -199. Is (-26)/(-91) - (-20310)/b a composite number?
False
Let g(v) = 282080*v**3 - 291*v + 583. Is g(2) composite?
True
Let y(l) = -l - 24. Let k be y(-22). Let o be (k + (-6)/(-9))/(8/2100). Let w = -193 - o. Is w prime?
True
Let o = 45 - 45. Suppose -2*s + 1075 - 257 = o. Is s a composite number?
False
Suppose 5*b + 2*g = 1262, -g - 3*g + 238 = b. Let u be ((-14)/14)/(1/(-1213)). Let o = u - b. Is o prime?
False
Suppose 76370 = -10*b - 28180. Let y = b + 21728. Is y a composite number?
False
Let u(h) = -h - 2. Let l be u(-1). Let m(x) = -x**3. Let r(j) = j**3 + 10*j**2 - 8*j - 11. Let q(t) = l*r(t) - 4*m(t). Is q(8) composite?
False
Suppose 37*a + 714 = 58*a. Let b(v) = -v**3 + 36*v**2 - 5*v + 103. Is b(a) a composite number?
True
Let z(g) = -g**3 + 28*g**2 - 43*g + 21. Suppose 0 = 4*x - 317 + 229. Is z(x) a composite number?
False
Let q(g) = 410*g**2 - 13*g - 9. Let n(a) = -410*a**2 + 14*a + 11. Let o(s) = 3*n(s) + 2*q(s). Let u be o(-1). Is 2/((12/u)/(-4)) composite?
True
Suppose 3*t - 4*x = 321521, 2*t - x = 41837 + 172507. Is t composite?
False
Suppose -9*o + 5*o - 23*o = 0. Suppose -2*w + 5*c + 45792 = o, -5*w + c = 4*c - 114449. Is w a composite number?
True
Let y(t) be the third derivative of -19*t**4/6 - 7*t**3/6 - 2*t**2. Let n = -362 - -353. Is y(n) prime?
True
Let m be (1 + (0 - 1))/(-92 + 93). Suppose m = 4*j - 14110 + 2802. Is j a prime number?
False
Suppose 13*m - 620439 = 372982. Suppose 2*g - m = -9*g. Is g prime?
True
Let c = -39 + 52. Is 10/2 + (c - -7231) composite?
True
Is ((-3120789)/(-28))/((-18)/(-24)) a composite number?
False
Let r(d) = -3*d**2 - 26 + 3*d + 8*d**2 - 4*d - 192*d**3 + 15 - 3*d. Is r(-4) prime?
True
Suppose -w + 289236 = -r, 4*w + 2*r + 1446177 = 9*w. Is w composite?
True
Suppose 4*r = -0*r + 5*a - 89, -18 = r + 3*a. Let n = r - -27. Is (-86)/n*(-228)/4 a composite number?
True
Let f be ((-150)/200)/((-1)/(-8)). Let r(z) be the first derivative of -91*z**2 + 43*z - 3. Is r(f) a composite number?
True
Let v be 4/(-20) - 24126/(-30). Suppose 3*t + 5*l + 1342 = 0, 0 = -t + 5*t + 2*l + 1766. Let c = t + v. Is c a prime number?
False
Suppose -6*m = -333 + 117. Suppose -m = -2*o + 364. Suppose 249 = g - o. Is g a composite number?
False
Let b(y) = -y**3 + 11*y**2 + 14*y - 7. Let p be b(12). Suppose 21*w - 484 = p*w. Is w prime?
False
Let p be 1/(-2 - -1) + 65299. Suppose 19*b - p = 13*b. Is b prime?
True
Let q = -13398 + 25908. Suppose 7*c = -3*c - q. Let t = -665 - c. Is t a prime number?
False
Let a be -6 + 5 - 26 - (-1)/1. Let g = a - -20. Is 2/3*g + 1661 a prime number?
True
Suppose -4*n - 8 = 0, 3*d = 5*d - n - 4872. Suppose s = 2*x - d, 12*x - 2*s = 16*x - 4882. Is x composite?
True
Let h(m) = -2394*m**2 - 2*m - 16. Let l be h(-3). Is (l/102)/(2/(-9)) a composite number?
True
Suppose -x + 4*i = -69045, -2*x - 10*i = -102354 - 35808. Is x composite?
False
Suppose 6*n + 15 = 9*n, u = -2*n + 107288. Is u composite?
True
Suppose 178 = 41*z - 27. Let x be (1 - 2)*(1 + -16). Is (2 - (-2004)/x)*z/2 prime?
False
Suppose 172*a + 163*a - 559970 = 333*a. Is a a prime number?
False
Let h = 881 + -877. Suppose 4*g - 21364 = h*o, -3*g - 2*o + 14233 = -1780. Is g a composite number?
True
Let f be (-1)/(-2)*4 + 6 + -3. Suppose -2*u = -5*r + 106771, -31183 - 75584 = -f*r + 4*u. Is r composite?
True
Let g(z) = -z**3 + 30*z**2 + z - 28. Let j be g(30). Suppose 3*i = 3*u + 9792, -i + j*u + 13046 = 3*i. Is i a composite number?
False
Let a(m) = 1460*m**3 - 3*m**2 - 13*m + 5. Suppose 6*c + 675 = 693. Is a(c) a composite number?
False
Suppose 41*y + 10966310 = 26903461. Is y prime?
True
Suppose 261*l = 44*l + 23918678 + 3916563. Is l a prime number?
True
Let k(d) = d**2 + 8*d + 7. Let h be k(-5). Let z = h - -12. Suppose z*i - i - 4965 = 0. Is i a prime number?
False
Let z be (4/6)/((34/21)/17). Is (z/(-2))/((-5)/(-11740)*-2) composite?
True
Suppose -168*y + 1643754 - 311881 = -566359. Is y composite?
False
Let r(s) be the third derivative of 19*s**4/3 + s**3/6 + 163*s**2. Let k = 6 + -4. Is r(k) composite?
True
Let v(d) = 423*d**2 + 269*d - 1545. Is v(6) a composite number?
True
Let b = 496 + 403. Suppose -b + 4258 = w. Is w prime?
True
Suppose -20*d + 13614 = 44914. Let k = d - -2642. Is k prime?
False
Suppose 4*n + 202*x - 206*x - 86676 = 0, -2*n + 43332 = x. Is n composite?
True
Let j(s) = 3*s**3 + 16*s**2 + 3*s + 6. Let r be j(-7). Let v = 1337 - r. Is v composite?
False
Let o = 1890 + 331. Let p be (-9)/(-18) - (-2)/4*o. Suppose p = b - 162. Is b a prime number?
False
Suppose 28*b + 27*b - 79007885 = 0. Is b a prime number?
True
Is 36/(-1